{"id":19,"date":"2011-05-24T18:34:06","date_gmt":"2011-05-24T18:34:06","guid":{"rendered":"http:\/\/www.otroespacio.org\/web\/?page_id=19"},"modified":"2016-08-22T04:14:31","modified_gmt":"2016-08-22T04:14:31","slug":"sin-espacio","status":"publish","type":"page","link":"https:\/\/www.otroespacio.org\/web\/sin-espacio","title":{"rendered":"\u00bfQu\u00e9 somos?"},"content":{"rendered":"<p><span style=\"color: #cc6666;\"><strong>Sin Espacio <\/strong><\/span>es un proyecto de la asociaci\u00f3n cultural sin \u00e1nimo de lucro <a title=\"Otro Espacio 2008-2010\" href=\"http:\/\/www.otroespacio.org\/otro\/\">Otro Espacio<\/a>, que arranca en el a\u00f1o 2011 y que est\u00e1 dirigido por Juan Jos\u00e9 Mart\u00edn Andr\u00e9s y Alba Braza Bo\u00efls.\u00a0Tras diversos cambios y adaptaciones al\u00a0contexto, en estos momentos trabajamos desde la distancia, Juan Jos\u00e9\u00a0desde M\u00e9xico y Alba desde Valencia.<\/p>\n<p>Sin Espacio se caracteriza por organizar sus exposiciones divididas en el tiempo, como si de un ciclo se tratase, dando a cada encuentro una duraci\u00f3n comparable a la de un concierto o una pel\u00edcula y sit\u00faa \u00a0cada ciclo en un espacio diferente, en di\u00e1logo con el contenido de cada proyecto.<\/p>\n<p>Su car\u00e1cter n\u00f3mada y ef\u00edmero se complementa con una publicaci\u00f3n peri\u00f3dica que ampl\u00eda informaci\u00f3n sobre el proyecto curatorial, sobre cada uno de los artistas que participa y del contexto donde se da, para quedar como memoria de aqu\u00e9llo que sucedi\u00f3. El t\u00edtulo de cada ciclo viene dado por el nombre de la calle donde acontece:<\/p>\n<p><span style=\"padding-left: 20px;\"><a title=\"Sin espacio 3\" href=\"http:\/\/www.otroespacio.org\/web\/sin-espacio-3-mislata\" target=\"_blank\">Sin espacio 3. Mislata<\/a><\/span><br \/>\n<span style=\"padding-left: 20px;\"><a href=\"http:\/\/www.otroespacio.org\/web\/category\/carrer-major-36-mislata\" target=\"_blank\">Carrer Major 36. Mislata<\/a><\/span><br \/>\n<span style=\"padding-left: 20px;\"><a href=\"http:\/\/www.otroespacio.org\/web\/category\/clero-7-russafa\" target=\"_blank\">Clero 7. Russafa<\/a><\/span><\/p>\n<p>&nbsp;<\/p>\n<p>Direcci\u00f3n de Otro Espacio: <span style=\"color: #cc6666;\">Alba Braza Boils y Juan Jos\u00e9 Mart\u00edn Andr\u00e9s.<\/span><br \/>\nCoordinaci\u00f3n de Sin Espacio y editorial: <span style=\"color: #cc6666;\">Alba Braza Bo\u00efls\u00a0<\/span><a href=\"mailto:alba@otroespacio.org\" target=\"_blank\">alba@otroespacio.org<\/a>, <a href=\"mailto:editorial@otroespacio.org\" target=\"_blank\">editorial@otroespacio.org<\/a><br \/>\nDise\u00f1o Gr\u00e1fico y web:\u00a0<span style=\"color: #cc6666;\">Juan Jos\u00e9 Mart\u00edn Andr\u00e9s<\/span>\u00a0<a href=\"mailto:info@otroespacio.org\" target=\"_blank\">info@otroespacio.org<\/a><\/p>\n","protected":false},"excerpt":{"rendered":"<p>Sin Espacio es un proyecto de la asociaci\u00f3n cultural sin \u00e1nimo de lucro Otro Espacio, que arranca en el a\u00f1o 2011 y que est\u00e1 dirigido por Juan Jos\u00e9 Mart\u00edn Andr\u00e9s y Alba Braza Bo\u00efls.\u00a0Tras diversos cambios y adaptaciones al\u00a0contexto, en estos momentos trabajamos desde la distancia, Juan Jos\u00e9\u00a0desde M\u00e9xico y Alba desde Valencia. Sin Espacio [&hellip;]<\/p>\n","protected":false},"author":1,"featured_media":0,"parent":0,"menu_order":0,"comment_status":"closed","ping_status":"open","template":"","meta":{"ngg_post_thumbnail":0,"footnotes":""},"class_list":["post-19","page","type-page","status-publish","hentry"],"_links":{"self":[{"href":"https:\/\/www.otroespacio.org\/web\/wp-json\/wp\/v2\/pages\/19","targetHints":{"allow":["GET"]}}],"collection":[{"href":"https:\/\/www.otroespacio.org\/web\/wp-json\/wp\/v2\/pages"}],"about":[{"href":"https:\/\/www.otroespacio.org\/web\/wp-json\/wp\/v2\/types\/page"}],"author":[{"embeddable":true,"href":"https:\/\/www.otroespacio.org\/web\/wp-json\/wp\/v2\/users\/1"}],"replies":[{"embeddable":true,"href":"https:\/\/www.otroespacio.org\/web\/wp-json\/wp\/v2\/comments?post=19"}],"version-history":[{"count":38,"href":"https:\/\/www.otroespacio.org\/web\/wp-json\/wp\/v2\/pages\/19\/revisions"}],"predecessor-version":[{"id":1480,"href":"https:\/\/www.otroespacio.org\/web\/wp-json\/wp\/v2\/pages\/19\/revisions\/1480"}],"wp:attachment":[{"href":"https:\/\/www.otroespacio.org\/web\/wp-json\/wp\/v2\/media?parent=19"}],"curies":[{"name":"wp","href":"https:\/\/api.w.org\/{rel}","templated":true}]}}